= -23266 - -30460. What is the highest common factor of n and 44?
22
Let p = 4082 + -3917. What is the highest common divisor of 435 and p?
15
Suppose 5*p + 5 = -3*w, 12 = 5*w + 37. Suppose -p*h + 2*q - 24 = 0, -4*h + 3*q - 22 = 31. Let u = h - -18. What is the greatest common divisor of 11 and u?
1
Let d be 9/(54/(-24)) - -7. Suppose -d*b + 305 = 4*q, 183 = 3*q + 4*b - 37. What is the greatest common divisor of q and 30?
10
Let q(p) = -123*p**3 + 3*p**2 + 63*p + 62. Let y be q(-1). Calculate the greatest common divisor of 575 and y.
25
Suppose 5*b = 380 + 95. Let h = b - 92. Calculate the greatest common divisor of h and 63.
3
Let s be (2 - (-2)/17) + 50/(-425). Let q(y) = 3*y**3 + 4*y**2 - 6*y + 2. Let u be q(s). What is the greatest common factor of u and 1110?
30
Let q be (-2 - 8/20)/(8/(-20)). Suppose -1 + 13 = q*n. Suppose -5*u + 3*g = -3*u - 169, n*g = -u + 74. What is the greatest common factor of 8 and u?
8
Let v be ((-6)/4)/(2/(-8))*-75. Let n be v/315*(-69 - 1). Calculate the greatest common factor of 40 and n.
20
Let g(k) = -2*k**2 + 18*k - 11. Let c be g(8). Suppose c*r - 5 = 295. Let y(b) = 2*b**2 - 5*b + 3. Let q be y(4). What is the highest common factor of r and q?
15
Let i = -5 + 16. Let f be i + -5 - -19*3. What is the highest common factor of f and 1?
1
Suppose 0 = 5*n - 3*y - 64, 2*n - 11 = -y + 19. Suppose 7*a - n*a = -441. What is the highest common divisor of a and 441?
63
Let q(a) = -a**3 + 59*a**2 - 710*a - 56. Let b be q(17). What is the highest common factor of b and 20220?
12
Let s be (-20)/(-14) - (-54)/(-126). Let m be (18 - -36) + (1/1)/s. Let z be (m/(-22))/(1/(-88)). What is the greatest common divisor of 20 and z?
20
Suppose 2*f + 64*f = -42*f + 1512. Calculate the greatest common factor of 3787 and f.
7
Let v = 787 + -864. Let u be (-495)/(-21) + (737/v - -10). Calculate the highest common factor of u and 102.
6
Let v(w) be the second derivative of 3*w**4 + w**3/2 - w**2 - 33*w. Let y be v(1). What is the highest common divisor of 37 and y?
37
Let d(c) = -175*c - 14. Let s = -298 - -296. Let h be d(s). What is the highest common factor of 21 and h?
21
Suppose 38*y - 57*y = -950. Calculate the greatest common factor of 1850 and y.
50
Let l(r) = 2*r + 3. Let w be (-25)/(-15)*6/5. Let q be l(w). Let k = -3 - -24. What is the highest common divisor of q and k?
7
Let d(m) = -8*m - 560. Let k be d(-68). Suppose -3*v + 2*v - 2 = 0. Let i be 17 + k + (-62)/(1*v). Calculate the highest common divisor of i and 4.
4
Let w(m) = -6*m - 71. Let l be w(-15). Let d(s) = -s**3 - s**2 + 35. Let p be d(0). Let o be 2674/p + 4/(-10). What is the highest common divisor of l and o?
19
Let f be -2 + 8 + -3 - -5. Let s be -2 + (-2 + 7 - 3). Suppose -5*l - 247 = -2*v, 14*v - 10*v + l - 549 = s. Calculate the highest common factor of f and v.
8
Suppose 0 = -4*r + 4*v - 36, 0 = 4*v + 12 + 4. Let o = -2 - r. Let y be (-74)/(-9)*12 - 2/(-6). What is the highest common divisor of y and o?
11
Let a = 2521 + -2445. What is the highest common divisor of a and 475?
19
Suppose -19*x = -13*z - 22*x + 27, -4 = -4*z - 2*x. Calculate the greatest common divisor of z and 7.
1
Let f = 123 + -114. Let n(w) = -w**3 + 9*w**2 + 6*w - 37. Let z be n(f). Calculate the greatest common divisor of 68 and z.
17
Let g(p) = -25*p - 1168. Let c be g(-47). Let h be (-77)/(3 - 2 - 2). Calculate the highest common factor of c and h.
7
Suppose -2*d + q + 44 = 4*q, -5*d + 85 = -5*q. Let k(u) = -u**3 + 18*u**2 + 20*u - 11. Let w be k(d). Calculate the highest common factor of w and 4.
4
Let x = 222 + -162. What is the greatest common factor of x and 1600?
20
Let q(x) = 112*x + 2074. Let w be q(-14). What is the highest common divisor of 322 and w?
46
Suppose -4 - 2 = 3*f. Let c = 8 - f. Let d(j) = -j**2 - j + 52. Let u be d(6). What is the highest common factor of u and c?
10
Let p = -56 + 64. Let b(u) = 2*u + 116. Let z be b(0). Suppose -p*v + z = -52. Calculate the highest common divisor of v and 28.
7
Let u(o) = -o**3 - 12*o**2 - 7*o + 36. Let f be u(-11). Let l be 17493/84 - (-10)/f. Calculate the greatest common factor of 9 and l.
9
Let i be (-3 - 4)*(-4)/(-1 + 5). Let w(y) = y**2 + 5*y - 36. Let d be w(i). What is the highest common factor of d and 18?
6
Suppose 0 = -5*a - 3*f - 2, 2 = -3*a - 1806*f + 1804*f. Calculate the highest common divisor of 449 and a.
1
Let g = 855 + -101. What is the greatest common divisor of g and 104?
26
Let t(z) = 3*z**3 + 3*z**2 - 21*z + 22. Let p be t(0). What is the greatest common factor of p and 814?
22
Let c(i) = -i**3 + 21*i**2 + 34*i + 18. Suppose 232*y = 216*y + 336. Let j be c(y). What is the greatest common divisor of 24 and j?
12
Let s = 10230 - 10041. Let q be (-222)/4*8/(-6). Let x = -47 + q. What is the highest common divisor of x and s?
27
Let n = 32841 - 30046. Calculate the greatest common factor of 715 and n.
65
Let s = -3751 + 4219. Calculate the greatest common factor of 1260 and s.
36
Let t be (-6615)/(-36) - (-2)/16*2. Calculate the highest common factor of t and 1173.
23
Let l(v) = -8*v**2 - 181*v + 6. Let o be l(-22). What is the greatest common divisor of o and 1595?
29
Suppose 399 = 4*z - 0*c - 3*c, -3*c + 417 = 4*z. Suppose -z = -112*f + 109*f. Calculate the highest common divisor of f and 561.
17
Suppose -21*g - 316*g + 70080 + 21584 = 0. Suppose -2*j + 4*u = 2*u - 40, 0 = -3*u - 12. What is the greatest common divisor of g and j?
16
Suppose 0 = q + 5, -79 = -3*y - q + 6*q. Let d = -2285 - -2303. What is the highest common factor of d and y?
18
Let x = -40 - -42. Suppose 3*p + 65 = 4*z, 2*z + x*p + 70 = 6*z. Suppose -3*a = r - 17, 2*r + a + 4*a - 31 = 0. Calculate the highest common divisor of r and z.
4
Suppose 363 + 2956 = 2*j + p, p + 1 = 0. Calculate the greatest common factor of j and 140.
20
Let h(g) = -12*g - 5. Let k be h(12). Let i = -140 - k. What is the greatest common factor of i and 333?
9
Let m be 38/14 + (-4)/(-14). Let d(j) = 17*j - 18. Let l be d(2). Suppose 10 = 5*h, h = 11*k - l*k + 77. Calculate the greatest common factor of m and k.
3
Let y = -23552 - -23880. What is the highest common divisor of 14596 and y?
164
Let p = -6 - -10. Let l be 8/p - (-1 - 10). Let q(f) = -f**3 + 75*f**2 - 995*f - 1650. Let x be q(57). What is the highest common factor of l and x?
13
Let f(u) = 6*u**3 + 5*u**2 - 13*u + 6. Let v be f(3). Calculate the greatest common factor of v and 1856.
58
Let b(t) = t**3 + 3*t**2 - 5*t - 2. Let s be b(-4). Let u be (-38411)/(-710) + (-2)/20. Calculate the greatest common factor of s and u.
2
Suppose 438 = -2*z - 5*g, 4*g - 59 + 702 = -3*z. Let m = z - -300. What is the highest common factor of m and 7?
7
Let h(x) = 8*x - 3. Let n be h(3). Suppose -5*q = 10085 - 3155. Let m be (0/2 + 1)/((-6)/q). What is the highest common divisor of m and n?
21
Let h = 291 + -136. Let f be h + (1 - -2) + -4. Let u = -1352 + 1374. Calculate the greatest common divisor of u and f.
22
Let z be 2*(1518/12 - -6). Let h = z + -174. Calculate the greatest common factor of 7 and h.
7
Let r = 70 + -22. Let i = -47 + -5. Let j = -46 - i. What is the highest common divisor of r and j?
6
Let o be 139*7/(14 - 7). What is the highest common divisor of 7367 and o?
139
Let b(i) = i**2 + i + 436. Let p be b(36). Calculate the highest common divisor of p and 68.
68
Let y = 123 - 117. Suppose y*a - 1105 = a. Calculate the highest common factor of 17 and a.
17
Let v(j) = j**2 - 3*j - 121. Let b be v(14). Calculate the greatest common factor of 704 and b.
11
Suppose -162*u + 84*u = -60*u - 16362. What is the greatest common divisor of 27 and u?
9
Let y be (2/6 + 221/39)*(49 + 1097). What is the highest common divisor of 36 and y?
36
Suppose 2*c + 3*i - 25 = 0, -14 = 4*c - 4*i - 74. Let w = 155 + 55. Calculate the greatest common factor of c and w.
14
Suppose -2 = -3*g - 5. Let x be -4 + (0 - -35 - g). Let j = 191 - 187. Calculate the greatest common divisor of j and x.
4
Suppose 2100 = -21*t + 23*t. Suppose 11*a - a - t = 0. Calculate the highest common divisor of 30 and a.
15
Let q be (1*-14)/(124/(-6882)). Suppose 13*y - 2025 + q = 0. Let r be 1/4 + (-23)/(-4). What is the greatest common divisor of r and y?
6
Suppose 2*v + 2*z = 1974, 2*v + 4970 = 7*v - 2*z. Calculate the greatest common divisor of